 (-10 - (-11 + 11 + -18)).
25
What is (0 - (7 + 2)) + 16?
7
Calculate -20 - (13 + -1 + -31).
-1
Calculate 2 + (-19 - -1 - -9).
-7
Calculate (8 - (5 - 4 - (6 - 7))) + -15.
-9
What is -112 + 119 + 0 + 6?
13
5 - (1 + 6 + -7 + 10)
-5
-5 + (9 - (-2 + 7 - 2))
1
What is 1 + (1 - 1) + (-1 - 3)?
-3
What is (297 - 253 - (20 + -1)) + 15?
40
What is (8 - 1) + (-11 - -9) + (-10 - -1)?
-4
0 - 1 - -1 - (1802 + -1814)
12
What is the value of -26 - -2 - 19 - -19?
-24
What is the value of (-6 + 1 - (-1 + -2)) + 2 + -6?
-6
Evaluate -13 - -33 - -13 - (-1 - (3 + -7)).
30
What is -9 + (0 - -6) + -9?
-12
Evaluate 1 - (-98 + 96 - (-1 + 0)).
2
What is the value of (-1 - (-3 - (1 - 4))) + 31 + -17?
13
9 + 0 + (-4 - (4 + 7))
-6
-3 + 0 + 1 + -81 + 75
-8
-7 + 2 + -1 + (-47 - -98 - 25)
20
What is the value of -1 + (2 - 15) + 4?
-10
Calculate -4 + (0 - (-7 + (3 - 1))) + 4.
5
What is 8 - -2 - (-34 - -22 - -3)?
19
What is the value of 1 + -26 + (-50 - -62)?
-13
(6 + (20 - 1) - 5) + -10 + -30
-20
(-57 - -61) + (1 + 5 - (2 - -1))
7
What is (-34 + 57 - 34) + (4 - (-1 + -1))?
-5
Evaluate (-45 + 61 - (8 + -2)) + (7 - -1).
18
Calculate (2 + -3 - (-6 - 9)) + 3 + -7.
10
What is (32 + -42 - -28) + -19?
-1
-2 - -8 - (2 - (-2 - (-8 + 2)))
8
(104 - 93) + (1 - 2)
10
What is the value of 33 + -13 + -1 + (4 + -4 - 6)?
13
Evaluate 1 + -3 + 6 + (93 - 95).
2
-2 + (2 - -12) + 2
14
Calculate 44 - 53 - ((2 - 9) + -1 + 2).
-3
What is 0 + (3 - 3 - -6) + (-36 - -29)?
-1
-6 - -21 - 3 - 9
3
What is (2 + 6 - 0) + (-3 - (-35 - -27))?
13
Evaluate (-22 + 21 - -26) + -3.
22
What is 0 - (-7 - (9 - (5 + 10)))?
1
Evaluate -8 + 27 + 40 + -48 - 0.
11
Calculate 12 - 11 - (1 - (17 + -1 + 4)).
20
Evaluate -7 - (-4 + -24 + 0).
21
What is the value of -377 - -366 - (-2 - (-2 + -1))?
-12
What is -9 - (-54 + 39 - (-13 + 1))?
-6
What is 14 + (19 - 13) + -15 + 5 + -2?
8
(4 - (35 + 2)) + (31 + -3 - 23)
-28
Evaluate -9 + (-17 - -42) + -27.
-11
Calculate -1 + 19 + -63 + 19.
-26
Evaluate -5 - (-265 + 264 + 1 + 4 + -1).
-8
Evaluate -17 - (16 - 14 - (-1 + -2 + 5)).
-17
15 + -4 - (0 - 12) - (8 + -2)
17
(-31 - 22) + 3 + 30
-20
-41 + (-21 - (-91 - -35))
-6
What is (7 - 2) + -75 + 55?
-15
Calculate (6 - 13) + (14 - 11).
-4
(16 - (-8 + 8)) + -32
-16
14 - (-6 - -12 - 7) - -7
22
Evaluate -7 + 18 + -11 + -6.
-6
0 + (2 + (-7 - 0) - (-19 - -19))
-5
Evaluate 29 - (4 + 24) - -11.
12
Evaluate -25 - -38 - (-2 - 9).
24
(-19 + (4 - -3) - -1) + 8
-3
Evaluate 13 - (4 + 4) - -5.
10
Evaluate 2 - (4 + -8 + 5) - 13.
-12
Evaluate 18 - (-29 + 81 + -33).
-1
Evaluate 5 + 34 + 119 + -190.
-32
What is the value of 221 - 232 - (-1 + -12)?
2
-14 + 44 - (5 + 1)
24
What is 15 + (-35 + 30 - -15)?
25
What is -1 - (19 + -2 + -45)?
27
What is the value of (-136 - -111) + (-12 - -63)?
26
Calculate (-50 - (-36 + -4)) + 1.
-9
What is 8 + -4 + (-3 - 1) - (-12 + 1)?
11
What is (-43 - -42) + (2 - (-8 + 1)) + 7?
15
Evaluate 6 + -2 + -2 + 3 - (17 + -26).
14
Calculate -1 + -9 + (7 - -5 - 24).
-22
What is 8 + 0 - ((-45 - -4) + 36)?
13
What is 6 - (1 + (16 - 5)) - -11?
5
What is the value of -10 + 5 + -13 + 44 + -4 + 0?
22
What is -1 + -13 - (-24 - (32 - 12))?
30
Calculate 24 - (18 - 8) - 5 - 9.
0
What is the value of (-3005 - -2997) + (0 - (-4 + (0 - -1)))?
-5
(3 + 5 + 1 - 0) + (2 - 4)
7
-17 + 43 - (16 - -11)
-1
What is the value of 17 - (30 + -10) - 15?
-18
Calculate -26 + 8 - (4 - -3).
-25
Calculate (33 + -32 - (2 - (-1 + 0))) + -8.
-10
What is the value of (-14 + 1 + 24 - -11) + -8 + 0?
14
What is (-3 + 18 + 1 - 6 - 2) + 7?
15
Calculate (0 - (-5 - 2)) + -6.
1
What is the value of (-33 - 55) + 89 - (1 + -2 + -6)?
8
(7 - (7 + -1)) + 12 + -1
12
What is 16 - -1 - (-339 - -386)?
-30
Calculate (39 - 11) + -40 + (7 - -1).
-4
What is (23 + 4 - 10) + (-7 - (-4 + -7))?
21
Evaluate 8 - (13 + -8) - (-1 - -6).
-2
Calculate -5 + 8 + 6 + (7 - 29).
-13
Evaluate 1 + -3 + 22 + -4 + -6.
10
Calculate 2 + 10 - (9 + 11).
-8
What is (-204 + 207 - (-1 + 7)) + (-1 - -1)?
-3
1 + -6 + (9 - (0 + -9))
13
What is 1 - -3 - -9 - (7 - (-1 - -2))?
7
Calculate (-64 - (-75 - -47)) + 34.
-2
What is the value of -4 + 1 - (10 + -1 + -17 + 11)?
-6
Evaluate -27 + 9 + (-4 - -1) + 9.
-12
24 - (48 + -92 - -34)
34
1 - (3 - 4) - (8 + -6)
0
Calculate 8 + 20 + -14 + -16.
-2
Evaluate 46 + -41 + -7 + (-2 - 0).
-4
Calculate 4 + (-1 + 1 + -11 + 21 - 7).
7
Calculate 3 - (14 - (14 - (5 + 5 + -5))).
-2
Calculate 1 + -15 - (21 - (6 - -22)).
-7
Evaluate 5 + 6 + 11 + -28 + 7.
1
What is 8 + (0 - (-12 + -20 - -18))?
22
What is the value of (-31 - -54) + -29 + -20?
-26
Calculate 0 - (7 - 4 - 12) - -12.
21
What is (-3 - -10) + 3 + -2 + 3 + 1?
12
Calculate (1 - -1) + -49 + 54 - (-2 - -17).
-8
What is the value of 293 + -282 + -4 + (-2 - -2) + -27?
-20
19 - (19 + -17 + -5)
22
What is 12 + -10 + (20 + -1 - 13)?
8
Calculate -9 - (-5 - 6 - 4).
6
What is the value of (1 - 2) + (12 - (15 + (-33 - -17)))?
12
(14 - (36 - 18)) + (-2 - -2 - -25)
21
What is the value of (6 - (0 + 5) - -2) + -15 + -2?
-14
Calculate 43 + -52 + 6 + (-1 - -2).
-2
What is 3 + -18 + 40 + -18 + -13?
-6
Calculate (2 - -6) + (-6 - (5 - 9)).
6
Evaluate 7 - ((-5 - 3) + 6) - 22.
-13
48 + -52 + (2 - (11 + -5))
-8
Calculate 5 + -3 - 16 - -1.
-13
Evaluate (-11 - -3) + (4 + 8 - 6).
-2
22 - (24 - 7) - (-2 - (-23 - -3))
-13
What is (1 - 22) + -134 + 157?
2
Evaluate -3 - (-6 + (-1 - (-5 - -2) - -4)).
-3
27 + -11 + 13 + -13
16
Evaluate -2 - -6 - (3 + -12 + -13 + 13).
13
16 - 3 - (-173 - -172)
14
What is the value of 33 - (38 + 0 - -30)?
-35
What is the value of -14 - -38 - (11 - 19) - (-1 + -2)?
35
Evaluate 10 + -6 + (6 - -3) + -6.
7
Calculate (0 - (-4 + 13 + -20)) + -12.
-1
Calculate 0 - (-14 + 20) - -6.
0
Calculate 12 + -9 - (-7 + -2).
12
What is (-46 - -52) + (-14 - (-4 - 2))?
-2
Evaluate 2 - (-59 - -59 - ((0 - 0) + 0)).
2
Calculate -18 - (-2 + 22 - 52).
14
What is the value of -15 - (2 + -15 + -11)?
9
What is (-9 - -4) + 6 + -1?
0
Evaluate 20 - (-7 + (40 - 15)).
2
Calculate (14 - -2) + (-1 - (9 + (-15 - -10))).
11
What is 6 - 0 - -11 - (0 - -2)?
15
2 - 36 - ((20 - 17) + -11)
-26
Calculate (8 - (-4 - -1)) + (17 - 18).
10
What is 3 - 9 - (-10 + -26 + 29)?
1
What is 512 + -497 - (-7 + 3 + 3)?
16
(18 - -12 - 26) + 1
5
Calculate 7 + -16 + (12 - -4).
7
What is the value of -368 - -360 - (15 + -2)?
-21
Evaluate -23 + (-4 - (2 + -7 - -4) - 6).
-32
What is -12 - ((-5 - -7) + -29)?
15
What is ((3 - 3) + -12 - -2) + -9 + 10?
-9
Calculate (-2 - -4) + 1 - (-1 - -5 - -1).
-2
(-2 - -1 - (-5 + 7)) + 31 + -34
-6
(6 + -5 - (-1 + 2)) + -13 + 13
0
What is the value of -14 - (-1 - 3) - -8?
-2
-21 - (-17 - ((3 - (7 + -1)) + -6))
-13
Evaluate -5 + 3 + 1 - (4 - (8 - -2)).
5
Evaluate -7 + 52 - 32 - 32.
-19
What is -9 + (-5 - 7 - -13) + 25?
17
(-13 - (10 - 11)) + 36
24
What is the value of (2 - -21) + -138 + 129?
14
What is the value of -8 + (2 - 7) + 11 + -3?
-5
What is 1 + (25 - 4 - 3 - 8)?
11
Calculate -11 - (10 + (2 - (-8 - -9))).
-22
What is the value of (3 - -5) + (1 - ((0 - 1) + 19))?
-9
What is the value of 70 - 63 - (-8 + -2)?
17
Calculate 29 + -26 - (5 - (-8 - -5)).
-5
What is -8 + 12 + -7 + 1 + 18 - -9?
25
What is (22 - 3) + 1 + -7?
13
What is 435 - 479 - ((1 - 0) + -17)?
-28
What is 2 + -1 + -32 + 15 + -16 + 3?
-29
What is the value of 7 + (13 + -9 + -1 - 14)?
-4
What is 10 - ((24 - -3) + -13 + -2)?
-2
-10 - -7 - (7 + 4 + -7 - 24)
17
-20 + -13 - 8 - -42
1
Evaluate (-19 + 15 - (-3 + 6 - 4)) + 4.
1
What is the value of -3 - (4 - 9 - (-5 + 5))?
2
(1274 - 1270) + 0 + -11
-7
Evaluate (-6 - -23) + -27 + 11 + 11.
12
What is 28 - 11 - 6 - (8 + 3)?
0
Evaluate (-5 - 0 - -1) + -17 + -5 + 16.
-10
What is -2 - ((-5 - (-3 + -5)) + -4 + 12)?
-13
What is (-3 - (-7 + -9)) + -5?
8
(-1 - -6) + -12 + 12 + 4
9
Calculate 14 - (12 - (10 - 4)).
8
14 - (8 + (-12 - (2 - 11)))
9
Calculate 678 + -666 + -2 + 1.
11
(-1 - 10) + (2141 - 2136)
-6
(0 - -2) + 19 + -8
13
What is (16 - (-14 - -15)) + -32?
-17
What is -5 - (-26 + (-8 - -15) - -3) - 8?
3
What is the value of 9 + -33 + -8 + 15 + -9?
-26
What is (18 - 2) + -27 - -14?
3
Calculate 4 + 2 + -15 + (-1 - -24 - 7).
7
Evaluate 1 + -2 - ((1 - -7) + -30 + 24).
-3
Evaluate 739 - 741 - ((21 - -1) + 1).
-25
Evaluate -13 + -1 + -9 + -13 + 19 + 3.
-14
Calculate -1 - -3 - -5 - -3.
10
Calculate -3 + (6 - (1 + 10 - -2)).
-10
What is the value of -10 - (-29 + 12 - -2)?
5
Ev